 c = 22 - 16. Determine q(c).
-4
Let o = -26 + 27. Let z(p) = -1. Let y(i) = i**3 + i**2 + 1. Let f(q) = o*z(q) + y(q). Let v be (-1)/4 - (-6)/(-8). What is f(v)?
0
Let g = -2474 - -2482. Let d(a) = a**2 - 9*a + 11. What is d(g)?
3
Let u(d) = d**3 + 5*d**2 - 9*d - 9. Let c = -21 - -41. Let v be (-4)/12*(c + -2). Calculate u(v).
9
Suppose -2*k = 9*k - k. Let n(v) = v**2 + v + 15. Let j(x) = -x**3 + x**2 + x + 1. Let c(t) = -j(t) + n(t). Determine c(k).
14
Suppose 6*g - 88 = -52. Let c(w) = w**3 - 5*w**2 - 8*w + 5. Give c(g).
-7
Let r(x) = 3*x**2 - 18*x + 0 + 1 + 17*x + 32*x**3 - 34*x**3. Let t = 4 + -2. Determine r(t).
-5
Let n(c) = 2*c**3 - 2*c + 2. Suppose -6*s + 3*s + 6 = 0. Suppose 5*w = 6*w - s. Give n(w).
14
Let k(o) = -19*o**2 + 10*o + 11. Let y(t) = 22*t**2 - 11*t - 11. Let i(m) = -7*k(m) - 6*y(m). Calculate i(6).
1
Let g = -3584 + 3584. Let n be (-2 + 2)/(-1 + -1). Let o(i) = 4 + 5 + i**2 + n*i**2. Determine o(g).
9
Let x(f) = -11*f - 3. Let j(t) = 13*t + 5. Let l(a) = 5*j(a) + 6*x(a). Give l(0).
7
Let l(f) = f**2 + 4*f + 6. Let t = -21 + 31. Let i be (-2)/t - 3/(-15). Let m be i + 0 - (9 + -5). Calculate l(m).
6
Let j(c) = -16 - 3*c - 16 + 7 - 4*c + 3. Calculate j(-3).
-1
Let v(n) = 5*n**2 - n. Let o = -75 + 54. Let f be (-5)/(-2) - 315/(-18). Let g = o + f. Calculate v(g).
6
Let c(o) be the first derivative of o**4/24 + 4*o**3/3 + o**2 - 12*o - 7. Let l(p) be the second derivative of c(p). Determine l(-5).
3
Let t(a) = 13*a**2 + 10*a - 16. Let l(m) = -3*m**2 + 28*m - 17 + 28*m - 46*m + 18*m**2. Let x(o) = -6*l(o) + 7*t(o). Determine x(-11).
1
Let m = -1 - -6. Suppose m*u - 11 = -2*y, -2*y + 6 = u - 1. Let v(r) be the first derivative of -r**4/4 + 4*r**3/3 + r**2/2 - 4*r + 20. Give v(y).
8
Let b(z) = z**3 + 6*z**2 + 3*z - 2. Suppose -2*g = -3 + 13. Let u be b(g). Let r(t) = 0*t - 7 + 0*t - t**2 - u*t. What is r(-7)?
0
Let h(r) = -3*r**2 - 32*r - 15. Let p(f) = 5*f**2 + 49*f + 22. Let w(n) = 8*h(n) + 5*p(n). Determine w(9).
-28
Let t(a) be the third derivative of a**6/120 + a**5/60 - a**4/8 - 2*a**3/3 + 48*a**2. Calculate t(-2).
-2
Let t(f) be the first derivative of -f**2/2 - 4*f + 40. Give t(-10).
6
Let z(n) = 3*n**2 + n**2 - 3*n**2 - 19 - 274*n + 269*n. Give z(8).
5
Let j(k) = -k**3 + 4*k**2 - k + 1. Suppose -3*v - 39 - 60 = 0. Let a(d) = -10*d + 63. Let o be a(10). Let c = v - o. Calculate j(c).
-3
Let v be (-4 + 5)*-15 + 6. Let q(f) = f**3 + 9*f**2 - 3*f - 24. Give q(v).
3
Let y(d) be the second derivative of -d**6/360 - 3*d**5/40 - d**4/3 + 29*d**3/6 - 33*d. Let q(g) be the second derivative of y(g). Calculate q(-7).
6
Let p(t) be the first derivative of t**3/3 + 9*t**2/2 + 9*t - 312. Calculate p(-10).
19
Let d(o) = 425*o**2 + 1 - 424*o**2 + 10 + 11*o. What is d(-9)?
-7
Let j(r) be the first derivative of -3*r**3 + 4702. Suppose 3*h = -0 + 3. Calculate j(h).
-9
Let v(j) = j + 9. Suppose 5*b = 3*z - 128, -4*z + b - 140 = -8*z. Suppose -4*u - 9 = 5*o, -4*u + 0*o = -4*o + z. What is v(u)?
3
Let f(w) = w**3 + 3*w - 4. Suppose 46*k - 28*k - 54 = 0. Give f(k).
32
Let i(p) = -p**3 - 6*p**2 - 3*p - 2. Let u be (4 + (-20)/4)*0. Let o(r) = 9*r + 13*r - 9*r - 5 + u + r**2. Let q be o(-13). Calculate i(q).
-12
Let f(g) = g + 9. Let d be f(-7). Let r(t) = -188 - 2*t + 7*t**d + t**3 + 185 + t. What is r(-7)?
4
Let l(p) = 2*p + 0 - 3 - 3 + 5. Let x be ((-6)/(-12))/((-1 - -2)/12). Let g(o) = -o**2 + 7*o - 5. Let s be g(x). Calculate l(s).
1
Let t = 11 + -13. Let w(z) = 7*z + 5. Let n(k) = -3*k - 2 + 0*k + 2*k + 1. Let v(r) = t*n(r) - w(r). Determine v(-2).
7
Let s(v) = v**3 + 5*v**2 + 2*v - 7. Let g(t) be the third derivative of -t**4/24 - 5*t**3/3 - 16*t**2. Let q be g(-5). Give s(q).
-17
Let x(o) = -2*o**2 + 3*o - 1. Let p(n) = -n**2 - 12*n - 11. Let u be p(-9). Suppose -3*c - 5*k - u = 18, 4*k + 16 = -c. Let l be c*2/(-4) + -2. What is x(l)?
-3
Let r(f) = f - 2 - 8*f - 6*f + 2*f. What is r(-3)?
31
Let s(u) = -u**3 - 16*u**2 - 15*u + 2. Let v be s(-15). Let l(c) = 32*c**v - 16*c**2 - c - c**3 - 14*c**2. Give l(2).
-2
Let g(p) be the third derivative of 0 + 0*p - 1/60*p**5 + 2/3*p**3 + 1/120*p**6 + 6*p**2 - 5/24*p**4. Calculate g(3).
7
Let c(p) be the second derivative of p**3/6 - 3*p**2/2 + 53*p. Determine c(4).
1
Let j(a) be the first derivative of -a**4/4 - 5*a**3/3 - 2*a**2 + a - 148. Give j(-3).
-5
Let k be -4*((1 - -1) + -4). Let f(s) = 20*s**2 - k*s**2 - 10*s**2. Let o be f(1). Let y(g) = -2*g**2 + 2. Determine y(o).
-6
Let a(o) = -3*o + 1. Let x be a(2). Let r = -9 - x. Let k(t) = -8*t + 4*t - 20*t**2 + 2 + 19*t**2. Give k(r).
2
Let v(y) = y**2 + 35*y + 311. Let g be v(-17). Let h(d) = -d + 2. Let z(u) = -3*u + 6. Let t(x) = -8*h(x) + 3*z(x). Determine t(g).
-3
Let b(c) = 2*c - 2 + 6 - 4*c**3 + c**2 + 2*c**2 + 6*c**3 - c**3. Determine b(0).
4
Let v = -72 - -34. Let p = v + 36. Let m(i) = i + 3*i - 2*i**3 - i + 2 + i**2. Give m(p).
16
Let z(f) = -14*f**3 - 41*f**2 + 11*f + 30. Let i(o) = -5*o**3 - 14*o**2 + 4*o + 10. Let c be (13 + -30)*(2 - 1). Let p(u) = c*i(u) + 6*z(u). Determine p(8).
-6
Let d(t) = 11*t**2 + 0*t + t**3 + t - 10*t**2 - 1 - 2*t. Let z(n) = -4*n**3 - 6*n**2 + 9*n + 8. Let c(y) = -3*d(y) - z(y). Give c(-4).
3
Let r(p) = 2*p**2 + 8*p**3 - 2*p**2 - 3*p**2 - 356 - 359 + 716. Give r(1).
6
Let i = -1 + 5. Let b(v) be the first derivative of v**2/2 - 4*v + 4. Let c be b(i). Let t(x) = x**2 - x + 12. Determine t(c).
12
Let h(y) be the third derivative of y**6/120 - y**5/12 - y**4/3 - y**3/2 + 4*y**2. Suppose -94*u = -88*u - 36. What is h(u)?
-15
Let u(f) = f - 1. Let g(y) = -4*y + 2. Let i(b) = -g(b) - 2*u(b). Let c(z) = -7*z + 5 - z**2 + 2*z + z. Let d be c(-4). Determine i(d).
10
Suppose -113*u + 13*u - 233 = 67. Let k(i) be the second derivative of i**4/12 + i. What is k(u)?
9
Let v(u) = u + 1. Let y be v(0). Suppose -2*n = -4*g + n + 72, 0 = -3*g - 3*n + 33. Let j(f) = 23*f**2 - g*f**2 - 2*f**2 - f - 5*f**2 + 4*f**3. What is j(y)?
4
Let w(s) = 21*s - 19. Let a(d) = -7*d + 6. Let q(h) = -7*a(h) - 2*w(h). Calculate q(4).
24
Let w(n) = -4*n + 4. Let c(s) = -3*s + 8. Let u(f) = -3*c(f) + 2*w(f). Let x be -1 - -15 - 3/(-3). Determine u(x).
-1
Let r be -1*(2 - 3) + (-4 - -8). Let v(g) = g**2 - 5*g. Give v(r).
0
Let x(n) = -n**2 - 9*n + 3. Let s = 133 - 137. Let m(k) = 4*k + 6. Let g be m(s). Calculate x(g).
-7
Let l(b) = 4*b - 8. Let n be l(2). Suppose 0 = 2*j + 2*o - 6, -2*o + n*o + 24 = 5*j. Let k(w) = -w**2 + 3*w + 7. Calculate k(j).
-11
Let d(r) = -r**3 + 13*r**2 - 22*r + 9. Let o(h) = -h**2 - h. Let s(b) = -d(b) + 5*o(b). Let v be s(17). Let j(p) = p**3 + 8*p**2 - 10*p - 7. Give j(v).
2
Let r(o) = 0 + 3 - o**2 - 4 - 7*o + 0. Give r(-9).
-19
Let h = -4 - -10. Let u be -4 - (-21)/h*-2. Let n(o) = -o**3 - 12*o**2 - 10*o + 5. Determine n(u).
-6
Let k(a) = -7*a + 1. Let j(y) = -22*y + 4. Let o(i) = 5*j(i) - 16*k(i). Let c(x) = 199*x + 195. Let b be c(-1). Calculate o(b).
-4
Let l(u) = 2*u + 2. Suppose -7 + 3 = v. Give l(v).
-6
Let r = -57 - -56. Let a(u) = 9*u - 2. Let n be a(r). Let y(o) = o + 9. Give y(n).
-2
Let u = -1 - -5. Let n(a) = u*a - 3*a - 1 - 2*a. Let v = 700 + -707. Determine n(v).
6
Let c(y) = y**2 + 5*y + 2. Let f(o) = 3*o + 1. Let p(d) = c(d) + 2*f(d). What is p(-7)?
-24
Let s(h) = -10*h - 6 + 4*h + 4*h. Suppose 11 = -3*c + 2*l, 0 = -c - 4*l + 5*l - 3. Let p be s(c). Let b(n) = -n + 2. Calculate b(p).
-2
Suppose 3*g - 1 - 11 = 0. Let v(h) = 3 + 2*h**2 - 4 + h - 3*h**2 + g. Calculate v(4).
-9
Let t be 1/4 - 3/(-4). Suppose -5*n + 31 = 4*r, 5*r + 0*n = 3*n + 11. Let u(a) = -182 - r*a**3 + a**2 + 2*a - 2*a**2 + 181. Calculate u(t).
-4
Let k(n) = 2*n - 4*n - 3 + 4*n. Suppose l - 5*l - 52 = 0. Let t(b) = -b**2 - 12*b + 17. Let w be t(l). Give k(w).
5
Let i(y) = -y**3 + 4*y**2 + 4*y - 4. Let j(r) = 23*r**2 - 5*r + 2. Let t be j(2). Let h = t - 79. What is i(h)?
-9
Let q(i) be the third derivative of i**6/120 - i**5/5 + 5*i**4/6 + i**3/2 + 2*i**2 + 92*i. What is q(10)?
3
Let p(a) = -18*a**2 + 3*a - 55. Let v(j) = 74*j**2 - 13*j + 238. Let d(t) = -13*p(t) - 3*v(t). Let n be 0 + -1 + 2/1. Give d(n).
13
Let v be (-5)/((-75)/6) + 136/10. Let k(w) = v + 5 + 9 - 31 - w. Determine k(-4).
1
Suppose 2*x = -x. Let s(l) = 5*l + 8. Let o(c) = 13*c - 3 - 9*c + 10. Let i(k) = 6*o(k) - 5*s(k). Calculate i(x).
2
Let p(z) = z**2 + 5